et z(b) be the third derivative of 0*b + 0 + 1/24*b**4 + 23/6*b**3 - 141*b**2. Give z(-19).
4
Let s(j) = -8*j**2 - j + 1. Suppose 53*i - 43*i = 3110. Let x = i + -310. What is s(x)?
-8
Suppose 4*f - 2 + 18 = -o, -3*o - 21 = 3*f. Let z be f/((2/(-5))/((-28)/35)). Let h(i) = -i**3 - 7*i**2 - 4*i - 8. Give h(z).
-20
Let g = -3931 + 3918. Let c(b) = 4*b + 20. Give c(g).
-32
Let q = 6008 - 6034. Let j(a) = -3*a - 95. What is j(q)?
-17
Suppose t - b = 4, 0 = -2*t - 4*b - 45 + 35. Let y(o) = 54*o**2 + o. Determine y(t).
55
Let k(a) = a - 13. Suppose 0 = -30*g + 2*g + 7000. Let o = g + -238. Determine k(o).
-1
Let v(d) = -574*d - 24. Let b(z) = 47*z + 1. Let k(u) = 12*b(u) + v(u). Determine k(-2).
8
Let m(a) = -3*a + 2. Let b(r) = -144*r - 4. Let v(j) = -j. Let u(p) = b(p) - v(p). Let i be u(-1). Suppose 0 = -t + 141 - i. Determine m(t).
-4
Let u(p) = p + 4. Let j(m) = 2*m - 22. Let o be j(11). Suppose -2*s - 8 = -o*s. Let a be u(s). Let c(r) = r - 5. Calculate c(a).
-5
Let b(k) be the first derivative of 5*k**2/2 - 2*k - 17. Let p(z) = z**2 - 6*z + 10. Let q(i) = -i**2 - 28*i + 4. Let c be q(-28). Let h be p(c). Give b(h).
8
Let a(g) be the second derivative of -g**3/3 + 49*g**2/2 - 803*g. Determine a(22).
5
Let o(t) = -4*t + 3. Suppose -3*w + 15 = -6. Let x(s) be the third derivative of -s**5/60 + 7*s**4/24 + s**3/2 + 91*s**2 + 3. Let q be x(w). Give o(q).
-9
Suppose -m + 0*m = -1. Let w(y) = -1 + m + 2*y - 4. Let i be (24 - 23 - 3)/(56/35 - 2). Calculate w(i).
6
Let o be 45/15 - (1 - (-15)/(-1)). Suppose -o*j = -95 - 7. Suppose -4*d - 10 = j. Let x(b) = b. Give x(d).
-4
Let f(j) = 252*j - 493*j - 5 + 248*j. What is f(5)?
30
Suppose -4*g - 5*r + 6 = 0, 19*r - 12 = -g + 23*r. Let b = -30 - -52. Let n(a) = 23*a + 3 + g - b*a. Calculate n(-7).
0
Let f(o) = o**3 - 10*o**2 + 8*o + 7. Let m = 767 - 765. Suppose -5*s = 4*r - 64 - 1, -m*s + 43 = 5*r. Determine f(s).
-2
Suppose 4*k + 24 = 9*k - t, -4*k - 5*t = -25. Let j(h) = -8*h - 21. Let y(c) = 9*c + 22. Let r(n) = k*j(n) + 4*y(n). Determine r(-6).
7
Let k(z) be the second derivative of -z**5/20 - 7*z**4/12 + z**3/6 + 9*z**2/2 - z. Suppose -11*o - 3182 = 3209. Let b = o + 574. Determine k(b).
2
Let p(x) = 9*x**2 - 13*x + 14. Let i(r) = -4*r**2 + 7*r - 7. Let y(h) = -7*i(h) - 3*p(h). Let l = -547 + 553. Calculate y(l).
-17
Let g(f) = f - 4. Let v(h) = 1. Let j(o) = g(o) - 3*v(o). Suppose -2*y + 4*a = -36, 36 = 3*y + a + 10. What is j(y)?
3
Let d(w) = 2*w + 33. Let l be d(-17). Let g(t) = -9*t + 1. Let o be g(l). Let i(k) = 22*k - 39*k - k**2 - 10 + 28*k. What is i(o)?
0
Suppose -92*k + 103*k = 1287. Let m(z) = -k*z**2 + 114*z**2 + 2 + 0. Calculate m(2).
-10
Let g(i) = 46 - 80*i + 71*i + 115 - 58 + 54. Calculate g(16).
13
Let s(m) be the third derivative of 0 + 13/24*m**4 - 5/3*m**3 + 0*m - 1/60*m**5 - 196*m**2. What is s(13)?
-10
Let z(a) be the third derivative of -1/2*a**3 + 84*a**2 + 0*a + 3/20*a**5 + 1/120*a**6 + 0 + 1/6*a**4. Determine z(-9).
-39
Let r(l) be the third derivative of -l**6/120 - 13*l**5/60 + 25*l**4/24 - 27*l**3/2 - l**2 - 2924. Determine r(-15).
-6
Let r(z) = z**2 - 12*z + 4. Suppose 10 = -4*s + 5*x, -8 = 3*s - 4*x - 0. Suppose s = -5*y - 16 + 76. Determine r(y).
4
Let k(x) = -3*x - 1. Let s be k(3). Let t be (-24)/s + -2 + 240/25. Suppose -t*o - 5 = -5*o. Let l(h) = -2*h - 1. Give l(o).
1
Let u be (-2 + 3)*(0 - 0)*322/644. Let j(t) = t**3 - 2*t - 33. What is j(u)?
-33
Suppose -2*m + 5*y + 50 - 146 = 0, m - 4*y = -48. Let w = m + 51. Suppose w*i + 6*i = 36. Let b(p) = p**3 - 5*p**2 + 4*p - 3. Calculate b(i).
-3
Let m(o) = 9*o - 138. Let n(v) = 240*v - 1185. Let a be n(5). Calculate m(a).
-3
Let z(c) = 18*c**2 + 1. Suppose 5*y = -3*d + 7 + 8, 3*y - 4*d = 9. Let x be 14*8/28 - y*1. Give z(x).
19
Let j(l) = l**2 - 2*l - 2. Let v be ((-72)/9 - -6)*(-1*6)/3. Give j(v).
6
Let l = -211 - -195. Let v be (-20 - l)*5/(-4). Let r(b) = b**3 - 4*b**2 - 3*b - 7. Calculate r(v).
3
Let u be (-1 + -5)*(-4)/(-12). Let m(p) be the third derivative of 88*p**2 + 0*p - 1/12*p**4 - 1/60*p**5 + 0 - 1/2*p**3 + 1/120*p**6. What is m(u)?
-11
Let z = 75 - 68. Let x(d) = d**2 - 5*d + 2. Let t be x(5). Suppose t*l + z = -5*l. Let g(i) = 5*i + 1. Give g(l).
-4
Suppose 96*y = -3*t + 97*y - 14, -4*t = y + 14. Let a(k) = 16*k + 59. Determine a(t).
-5
Suppose 5*x - 11 - 4 = 0. Let k = 361 - 358. Suppose 3*d - x = -k. Let m(t) = t**3 + t**2 + t. Calculate m(d).
0
Let m(k) = 6*k**2 + 63*k + 112. Let r(b) = -8*b**2 - 84*b - 147. Let l(d) = 11*m(d) + 8*r(d). Determine l(-6).
2
Let z be (-4)/(-170) + 291328/(-48365). Let c(b) = -b**2 - 13*b - 45. What is c(z)?
-3
Let l(f) be the first derivative of -f**3/3 + 2*f - 1173. What is l(1)?
1
Let k(u) = -6*u**2 + 13*u**2 - 2*u**2 - 3*u - 4*u**2 - 2*u**2 + 37. Determine k(5).
-3
Let x = -3804 - -3809. Let w(a) be the first derivative of 1/2*a**2 + x*a - 10. Calculate w(6).
11
Let b(q) = q**3 + 8*q**2 - 12*q + 4. Let t(c) = c**2 - 167*c + 321. Let u be t(2). Calculate b(u).
31
Let m be -40*3*2/(-12) + 1. Let j = m + -35. Let g(l) = l**2 + 16*l + 21. Determine g(j).
-7
Let c(m) be the first derivative of m**4 + 23*m**3/3 - 7*m**2/2 - 3*m - 620. Calculate c(-6).
3
Let n(a) be the third derivative of 0*a + 38*a**2 + 1/60*a**5 - 4/3*a**3 + 0 - 7/24*a**4. Calculate n(7).
-8
Let b be (5 + -3)/(2 + (-24)/14). Suppose -11 + 53 = b*a. Let o(f) = -3 - 2 - f + 1. Determine o(a).
-10
Let u(n) = -6*n**2 - 1. Let x(w) = 12*w**2 + 2. Let i(k) = 5*u(k) + 3*x(k). Suppose -5*h + 18*h = 741. Let s = 56 - h. Give i(s).
7
Let l = -8401 - -8395. Let y(b) = -b**3 - 7*b - 9*b**2 + 4*b + 2*b**2 + 7. Calculate y(l).
-11
Let o(a) be the third derivative of 91*a**2 - 1/6*a**3 + 0 + 1/8*a**4 + 0*a + 1/20*a**5 + 1/120*a**6. What is o(-3)?
-10
Let c(s) = 12*s**2 + 5 - 11*s**2 + 269*s - 226*s. What is c(-43)?
5
Let x(f) be the third derivative of -f**6/6 - f**5/20 + f**4/8 - f**3/3 - 3840*f**2 - 2. Determine x(1).
-22
Let f(p) be the third derivative of p**4/6 - 5*p**3/3 + 1110*p**2. Calculate f(2).
-2
Let g(z) be the third derivative of 0*z + 1/60*z**5 + 33 - 2*z**2 + 3/8*z**4 + 4/3*z**3. Calculate g(-7).
-6
Let i be (-12 + 17 + (-6)/2)/2*-27. Let x(u) = 3*u + 110. Determine x(i).
29
Let q(o) = 13*o + 16. Let s(p) = 64*p + 81. Let u(w) = 14*q(w) - 3*s(w). What is u(-8)?
61
Suppose 5*u + 0*u - 35 = 0. Let m(k) be the first derivative of k**3/3 - 4*k**2 - 5*k + 1039. What is m(u)?
-12
Let q(s) = 3*s**2 - 30*s + 30. Let u be (-14875)/(-1625) - (-4)/(-26). Give q(u).
3
Let l(f) = 2*f**2 + f + 1. Let x = 718 + -719. Let i(b) = -b**2 - 8*b - 2. Let o(v) = x*i(v) - 4*l(v). What is o(2)?
-22
Let f(t) = t**2 + 4*t + 2. Let s = 62 + -22. Let n be -41 + (-12)/8*4/3. Let i = n + s. Calculate f(i).
-1
Let d(q) = -q - 1. Let y be (-7 - 3) + 12/3. Let h(x) = 2 + 2 + x - 2. Let u(l) = y*d(l) - 5*h(l). Give u(3).
-1
Let y(r) = 166*r - 397 - 427*r + 230*r. Calculate y(-13).
6
Suppose -4*d + 2*a + 2 = 0, -2*d + a - 1 = 2*d. Suppose 0 = -5*z + 8 + 2. Let r(j) = z - 5*j - 1 + 3*j + 6*j. Calculate r(d).
-3
Let s(o) = -5 + 3 + 10 - 31 - o**2 - 10*o + 2. Determine s(-7).
0
Let a(f) be the second derivative of f**4/12 - f**3/2 + 5*f**2/2 - 4*f. Suppose -o + 6*o - 5 = 3*j, 3*j = -3*o + 27. Calculate a(o).
9
Let u(c) = c**3 + 6*c**2 - 3*c - 10. Suppose -71*g + 3*g = 408. Give u(g).
8
Let z = -8 - -6. Let f(c) = -66 + 19*c + 36 + 2*c**2 + 7*c**2 + 29 - 22*c. Calculate f(z).
41
Let n be (1 - 3)/(((-28)/21)/4). Let p be (-5)/(n*(-12)/16 + 4). Let v(r) = r**3 - 9*r**2 - 9*r - 3. Determine v(p).
7
Suppose 3*t = 2*u - 18, 3*u = t - 2 + 8. Let q(b) = -b**3 - 9*b**2 - 7*b + 5. What is q(t)?
-61
Let r be (6 - 9/1) + 1*8. Let j(c) = r*c - 48*c + 10*c + 1 + 13*c. Let n(u) = -20*u + 1. Let a(q) = -4*j(q) + 3*n(q). Calculate a(-1).
-21
Let l = 44256 + -44261. Let u(t) be the first derivative of 3*t**2/2 + 23*t - 1. What is u(l)?
8
Let c(h) = 6*h**2 - 90*h + 297. Let d be c(10). Let m(x) = -25*x - 22. Calculate m(d).
53
Suppose 49*s = 46*s - 21. Let g(j) = 23 - 8*j**2 - 3*j**3 - 14 + 2*j**3 - 7*j. Give g(s).
9
Let w = 80 - 83. Let m be w/(-12) - (3/12 + -3). Let u(o) = -2*o - 101*o**2 + 102*o**2 - m*o. Calculate u(6).
6
Let m(t) be the second derivative of t**3/3 - 9*t**2/2 - 14275*t. Give m(7).
5
Let g(m) = -3 - 12*m**2 + 19*m**2 - m - 2 - 6*m**2. 